s -2 - -60cb7?
60cb5
In base 9, what is -43152 + -43?
-43205
In base 10, what is 0 + 19961?
19961
In base 7, what is -5010 + -1213?
-6223
In base 12, what is 6b5 + 17?
710
In base 2, what is -11100010011011000 + 101?
-11100010011010011
In base 5, what is 4003 - -122003?
131011
In base 4, what is -11 - 20033221?
-20033232
In base 2, what is 100000011101111 - 10?
100000011101101
In base 3, what is -20211111122 - -11?
-20211111111
In base 11, what is 2 + 187560?
187562
In base 13, what is -13 - -32a3c?
32a29
In base 5, what is -10 - -123040?
123030
In base 12, what is -5 - 10b6a?
-10b73
In base 3, what is -100001021 + -122?
-100001220
In base 2, what is -1011011001010 - 110010?
-1011011111100
In base 16, what is -42a2 - -1?
-42a1
In base 8, what is 2252476 + 4?
2252502
In base 9, what is 53 - -505?
558
In base 15, what is 671 + -50d?
163
In base 14, what is -7945 + 12?
-7933
In base 8, what is 2731 - 114?
2615
In base 16, what is 4 + e216?
e21a
In base 8, what is 2345 + 111?
2456
In base 10, what is 290 + 71?
361
In base 2, what is 10001101110000 + -101001110?
10001000100010
In base 14, what is 2 - 20593?
-20591
In base 4, what is -101103 - 1001?
-102110
In base 2, what is 1010001000011001 + -101?
1010001000010100
In base 10, what is -4254 + 51?
-4203
In base 7, what is 0 - 1125?
-1125
In base 9, what is -14 + -426745?
-426760
In base 8, what is 604110 + -3?
604105
In base 7, what is 2230161 - 5?
2230153
In base 2, what is -11010011 - 111100001011?
-111111011110
In base 11, what is -903310 - 0?
-903310
In base 13, what is a207 - 47?
a190
In base 6, what is 3 + -34352012?
-34352005
In base 5, what is -231 - -310?
24
In base 12, what is -3 - 7106?
-7109
In base 5, what is -134114 + 1?
-134113
In base 7, what is -331 - 430?
-1061
In base 9, what is 2 - -7501?
7503
In base 6, what is -41 - 5343155?
-5343240
In base 5, what is -4 - -21214?
21210
In base 15, what is -3d - -7158?
711a
In base 11, what is 3 - 4a52?
-4a4a
In base 16, what is -2bd + -77?
-334
In base 11, what is -293075 - -5?
-293070
In base 7, what is 1245451 + 30?
1245511
In base 10, what is -1492 - -158?
-1334
In base 13, what is 0 - -98b72?
98b72
In base 15, what is -11eb - -1c3?
-1028
In base 2, what is 100000111110010 + -1111?
100000111100011
In base 7, what is 141 + 240506?
240650
In base 10, what is -17 + 4778?
4761
In base 15, what is -8d864 + 0?
-8d864
In base 6, what is 303541 + -4?
303533
In base 10, what is 552 + -3?
549
In base 11, what is -2 + -2a459?
-2a460
In base 14, what is -807a + -1?
-807b
In base 6, what is -3 - -254423?
254420
In base 10, what is 714 + 222?
936
In base 6, what is -1 + 441450?
441445
In base 10, what is -6559 + -5?
-6564
In base 15, what is 1a2 + -e9?
a8
In base 12, what is -278b2 - -4?
-278aa
In base 10, what is 121374 - 4?
121370
In base 10, what is -5 + -2566?
-2571
In base 8, what is 277 + 5601?
6100
In base 15, what is -a91 + -1a?
-aab
In base 5, what is -4040113 + -4?
-4040122
In base 3, what is 210120001100212 + 10?
210120001100222
In base 13, what is -12 + -36?
-48
In base 10, what is 5 + 135826?
135831
In base 13, what is 4564 - -1?
4565
In base 2, what is 101100 - -10100110001110100?
10100110010100000
In base 3, what is 12102102121220 - -2?
12102102121222
In base 6, what is 213 - 210?
3
In base 12, what is 49 - -802?
84b
In base 4, what is 11 - -120112212?
120112223
In base 14, what is -936a4a - 3?
-936a4d
In base 14, what is 7d94d + -7?
7d946
In base 13, what is -6 - 17595?
-1759b
In base 8, what is 134344 - 0?
134344
In base 12, what is -62 - 133?
-195
In base 3, what is 11102201220 + 0?
11102201220
In base 9, what is -488684 - 3?
-488687
In base 5, what is 1 - -143040?
143041
In base 5, what is 21233 + -30?
21203
In base 2, what is -100 - 10001011011001010100?
-10001011011001011000
In base 11, what is 1563 + -31?
1532
In base 14, what is 68d0 - 7?
68c7
In base 11, what is 10701 - -2?
10703
In base 15, what is -3 - -120920?
12091c
In base 10, what is -1 + 269?
268
In base 14, what is -a05 + 233?
-7b2
In base 9, what is 764 - -5?
770
In base 16, what is -1 + -5910?
-5911
In base 13, what is 78 - -9888?
9933
In base 10, what is 84148 - -22?
84170
In base 8, what is 2 - 46125?
-46123
In base 8, what is 71506 - -17?
71525
In base 11, what is 61959 - -2?
61960
In base 9, what is 3245 - -10?
3255
In base 13, what is 3b8a8c + 1?
3b8a90
In base 10, what is 22 - -26847?
26869
In base 7, what is 11 - 3002316?
-3002305
In base 13, what is -5 - -bc1?
bb9
In base 11, what is 159 - 2279?
-2120
In base 16, what is a4 + 53?
f7
In base 16, what is 4c47 - -18?
4c5f
In base 2, what is 10111011011101111 - -10?
10111011011110001
In base 12, what is -19b1 + a?
-19a3
In base 16, what is 1a + -fdf?
-fc5
In base 6, what is -4414341 + -2?
-4414343
In base 11, what is 1126 + 516?
1641
In base 2, what is -110001000 + -110010000?
-1100011000
In base 11, what is 7a7 - 462?
345
In base 2, what is -100 + -10001001011011?
-10001001011111
In base 2, what is 11101110111111111 + -101010?
11101110111010101
In base 3, what is -110 + 2222022100?
2222021220
In base 2, what is -1 + 10101110001110?
10101110001101
In base 11, what is -56a + 17a?
-3a0
In base 10, what is 456 - 50?
406
In base 12, what is -5 - 93769?
-93772
In base 6, what is -445140431 - 4?
-445140435
In base 6, what is -40 + 1304241?
1304201
In base 14, what is 1d4dc + 5?
1d503
In base 13, what is -3482 + -56?
-3508
In base 6, what is -4155313 - 2?
-4155315
In base 14, what is 77 + 765?
7dc
In base 10, what is 0 + 4275?
4275
In base 7, what is -316 - -1421?
1102
In base 16, what is 2e - 4?
2a
In base 11, what is -6 + 178?
172
In base 9, what is -87416 + -4?
-87421
In base 9, what is 2520 - -3?
2523
In base 14, what is -3 + c247?
c244
In base 6, what is 4 + -21540502?
-21540454
In base 11, what is 2 - -18a88?
18a8a
In base 13, what is 1a - -337?
354
In base 10, what is -1 + 11011?
11010
In base 16, what is 774c + -5?
7747
In base 10, what is 208 + -163?
45
In base 13, what is 3 + 591c1?
591c4
In base 16, what is -a927 + -36?
-a95d
In base 8, what is -40 - -14454?
14414
In base 8, what is 4312562 + 3?
4312565
In base 3, what is 1021011 - -1011?
1022022
In base 2, what is -110111001001 - -1?
-110111001000
In base 13, what is 5 + 28a12?
28a17
In base 9, what is -1640 + -72?
-1722
In base 9, what is -104 - 837?
-1042
In base 13, what is -c + 83?
74
In base 6, what is -14252 - -112?
-14140
In base 5, what is 3 + 10243123?
10243131
In base 11, what is -42410 - 19?
-42429
In base 6, what is 21310 + -25?
21241
In base 16, what is -a6c - -115?
-957
In base 9, what is 1 - 761518?
-761517
In base 4, what is 113223102 - 1?
113223101
In base 4, what is 11 + -201300213?
-201300202
In base 8, what is -53 + -2041?
-2114
In base 16, what is 775 - d0?
6a5
In base 11, what is -55945 - 7?
-55951
In base 15, what is 3ce + -3?
3cb
In base 5, what is 3 + -3120140?
-3120132
In base 10, what is -286006 - 4?
-286010
In base 12, what is 19b8 + 32?
1a2a
In base 4, what is -301 + -323023?
-323330
In base 15, what is 1b - 447?
-42b
In base 16, what is -4 - 998a2?
-998a6
In base 9, what is -11453 + 83?
-11360
In base 15, what is 2e - -2b0?
2de
In base 6, what is -123 + -31301?
-31424
In base 9, what is 3 - 404767?
-404764
In base 15, what is 2305 - -57?
235c
In base 13, what is -12c8a + -1?
-12c8b
In base 10, what is 131731 + -1?
131730
In base 11, what is -1331 - -1488?
157
In base 10, what is -174 - -867?
693
In base 4, what is 21211031 - 10?
21211021
In base 7, what is 22245 - -134?
22412
In base 11, what is -62a425 + -3?
-62a428
In base 16, what is 5 + a07c0?
a07c5
In base 5, what is -201 - 22323?
-23024
In base 14, what is 0 - -865?
865
In base 14, what is 23 + -1c95?
-1c72
In base 16, what is -65 - 42a6?
-430b
In base 3, what is -1 - 101122100222?
-101122101000
In base 14, what is a9 - 6?
a3
In base 11, what is 32 + 7203?
7235
In base 2, what is -111000110101100011 + -11?
-111000110101100110
In base 13, what is -5c + -2b225?
-2b284
In base 2, what is 1 - 10000001110001011?
-10000001110001010
In base 13, what is -1 - -385c?
385b
In base 2, what is -1101001110010000110 - 10?
-1101001110010001000
In base 7, what is 613 - -540?
1453
In base 4, what is -21 + -13013102?
-13013123
In base 5, what is 14 + 44031?
44100
In base 14, what is 9 + 5